rue
Let o be -8 + 2 - (-2073 - 19). Suppose t + 146 - o = -s, 0 = -5*s + 5. Is t prime?
False
Suppose 44*t = 10731415 + 27400349. Is t composite?
True
Is (-75848322)/165*18/(-4) + (-4)/(-10) composite?
True
Let j be 11*((-8)/11 + 1). Is -1 - (2 + -397) - (3 - j) a prime number?
False
Let g(j) = -23*j**3 + 4*j**2 + 10*j - 9. Let s be g(5). Let m = 4695 + s. Suppose -14*a = -m - 9449. Is a prime?
False
Let d = -106905 - -174634. Is d prime?
False
Suppose 192*m + 42 = 199*m. Suppose -78489 = -m*z + 37101. Is z prime?
False
Suppose 128*r - 126*r = -16. Is (-1)/(-3)*r/(48/(-1710810)) composite?
True
Suppose 0 = 240*k - 136*k - 132808. Is k prime?
True
Let n = -296 + 442. Suppose -n + 6 = -5*f. Is 24904/f + 12/56*-2 composite?
True
Let q(n) be the third derivative of -n**4/6 - 23*n**3/6 - 19*n**2. Let f be q(-20). Let g = 110 - f. Is g a prime number?
True
Suppose 4*l - y = 426581, -17*l - 3*y + 426561 = -13*l. Suppose 5*m + 7*m = l. Is m a prime number?
True
Let x = 107937 - 74379. Suppose -19*t + x + 356455 = 0. Is t composite?
True
Let o(q) = -2*q - 2*q**2 - 2249*q**3 + 5*q - 4801*q**3 - 171 + 172 + 1868*q**3. Is o(-2) composite?
False
Suppose 102*k - 23*k - 12465173 = 0. Is k composite?
True
Let q = -59 - -112. Let i = q - 50. Suppose i*j = u + 4*u + 350, -u + 459 = 4*j. Is j prime?
False
Let d(v) = v**2 + 7*v + 7. Suppose 0*a + 3*a + 2*u = -15, -5*u - 15 = 0. Let h be d(a). Is (-60692)/(-20) - 2/h prime?
False
Let d = 773 - 408. Suppose 4*f + d = 6*f - 3*n, -5*f - 2*n = -941. Is f prime?
False
Let b(y) = -462*y + 2305. Is b(-118) composite?
False
Let n(p) = 3077*p + 1289. Is n(4) a composite number?
False
Let d(z) be the first derivative of -1/2*z**2 + 14 - 13/3*z**3 - 9/2*z**4 + z. Is d(-5) composite?
False
Let x = 579 - -9168. Suppose -6*i + 9741 = 5*o - 8*i, 5*o + i - x = 0. Is o composite?
False
Let w be -20*(-918)/(-6 + 0). Let s = w - -5221. Is s composite?
False
Suppose 8*a - 2*d - 19 = 3*a, 3*d = 2*a - 12. Suppose -11137 = -2*w + a*b + 1351, b = 2*w - 12492. Is w a prime number?
True
Let u be 0/(5*(-12)/(-30)). Suppose 4*p = s - 28, p + 40 = 3*s - u*p. Is (6958/s - 7) + 1/6 a composite number?
True
Suppose 0 = j + 3*v + 1199 - 58, 5*j - 4*v = -5781. Let t = 1716 + j. Is t composite?
False
Let q(l) = 428*l - 24. Let d be q(-14). Let a = -2997 - d. Is a a prime number?
True
Suppose -48*f + 9789880 - 18009303 = -55646927. Is f a composite number?
True
Let t(z) = 41*z**2 + 31*z + 42. Let l be t(18). Suppose -5*g - 4*o + 34743 = 0, -4*g = -2*g - 5*o - l. Is g composite?
False
Suppose 0 = 95*h - 97*h + 4*s + 106530, 3*s = 3*h - 159798. Is h a prime number?
True
Let l = 1345 + 17754. Is l a composite number?
True
Suppose 129 = -0*s - 3*s. Let w = s - -46. Suppose -1197 = -5*k - 2*u, 3*k + w*u + u = 721. Is k a composite number?
False
Let x be 6 + (-7 - -13062) + 5. Let s = x - 6425. Is s composite?
True
Suppose -9822 - 393756 = -21*i. Suppose 2*b - 3*u - i - 14267 = 0, 0 = 2*b + 4*u - 33478. Is b a composite number?
False
Suppose 4*q - 141954 = -5*d, -3*d = 4*q - 200489 + 58531. Is q a composite number?
False
Suppose -22515275 = -86*j - 29*j. Is j composite?
True
Is (-80888)/3*6/(-4)*1/4 a composite number?
False
Suppose -t = -1018410 + 307121. Is t a composite number?
True
Let x(d) = -d**3 + 2*d**2 + 9*d - 4. Let f be x(4). Suppose 3*h - 2 - 13 = f. Suppose -41 = h*u - 166. Is u prime?
False
Let d(x) = 471*x**2 + 164*x - 1366. Is d(9) composite?
False
Suppose -5*q = -3*d - 111, -q + 2 = -5*d - 29. Suppose -q*h + 5679 = -12*h. Is h composite?
False
Let r be 119943/3*4/(-6). Let g = -5413 - r. Is g a composite number?
True
Suppose -154862 = -2*c - 3*n, -181*c + 77441 = -180*c - n. Is c prime?
False
Suppose o - 129414 - 294247 = 4*d, -5*o - 4*d + 2118113 = 0. Is o prime?
False
Suppose 17*q - 2*q = 60. Suppose 0 = -3*h + 4*z + 10718, q*h + 3*z = 4586 + 9663. Is h composite?
True
Suppose 8*j = 41*j - 201201. Let w = 30 + j. Is w a prime number?
False
Suppose -54*b + 55*b + 336 = 0. Let h = -692 - -1365. Let s = b + h. Is s a composite number?
False
Suppose 30713 = -7*h + 7536. Let q = h - -6322. Is q composite?
False
Let v = 3031 - 5038. Is (v/(-12))/(5 + (-274)/56) a prime number?
False
Suppose -24*y + 298 = 178. Suppose -y*k - 3*i + 6233 = 0, 7*i - 9*i - 8 = 0. Is k prime?
True
Let f(l) = 80*l**2 + l - 2. Let k be 1710/(-33) - 4/22. Let s = k - -53. Is f(s) composite?
False
Suppose -77*z - 2934120 + 2178498 + 7547869 = 0. Is z composite?
False
Suppose -92 = 5*o - 5*q - 122, 4*o + 4*q + 24 = 0. Let z = 21 + -12. Suppose o = 4*n + 3*g - 2752, 14*n = z*n + g + 3421. Is n composite?
True
Is 460060525/975 + 4/78 a prime number?
False
Let o = -10262 - -122155. Is o a composite number?
False
Let z(b) = -34*b**3 + 61*b**2 - 39*b - 266. Is z(-20) composite?
True
Let s be 12/8 + 3/6. Suppose 0 = -3*y - 2*y - 3*o + 32, -2*y = -s*o. Suppose 2*k = -3*t - 2*t + 1277, -y*k = -4*t - 2512. Is k prime?
True
Let y be (3 - 3) + 4/(-1) + 29027. Let g = y + -13556. Is g a composite number?
False
Let b = 120492 + -45185. Is b prime?
True
Let a(j) = -1 - 3*j - 37*j**2 + 74*j**2 + 36*j**2 + 0. Let u be a(-5). Is u/(-2)*(-1)/((-9)/(-6)) a prime number?
True
Is ((-173)/(-2))/((-170)/(-936275)*10/8) composite?
True
Suppose 92 = v - 80. Let l(o) = 12*o - v + o + 164. Is l(15) a prime number?
False
Is ((-147)/(-98)*(-2)/6)/((-3)/6442962) composite?
True
Let u = 273 - 265. Let g(p) = p**3 - 7*p + 35. Is g(u) composite?
False
Let r(s) = -10*s - 119. Let z be r(-13). Suppose z*w - 157531 = -0*w. Is w a composite number?
False
Let n(c) = c**3 - c**2 - 1. Let w be n(2). Suppose -4*d = -56*l + 58*l - 20, -2*l = -d + 15. Suppose -d*a + 3020 = -w*a. Is a prime?
False
Let q be (86916/14)/(13/91). Is ((-40)/(-24) + -2)/((-2)/q) a prime number?
True
Suppose -6*b = -4*x - 251302, -5*x - 22 = 13. Is b prime?
True
Let c(a) = a**3 + 10*a**2 - 2*a - 6. Let z be c(-10). Suppose 4*t + z*t = 3*t. Suppose t + 14 = j. Is j prime?
False
Let f = 62319 + 73928. Is f a prime number?
True
Let a(m) = 4*m**3 + 8*m**2 - 4*m + 5. Let p be a(3). Suppose -142*j = -p*j + 7843. Is j prime?
False
Let h(s) = -172*s - 309. Is h(-18) prime?
False
Let t = -71 - -75. Is (-89 + 4/(6 - t))/(-1) a composite number?
True
Suppose -5*v - 5 + 36 = 3*z, -2*v + 2*z + 22 = 0. Suppose -s - 3*g = -5291, 2*s - 5*g = -v*g + 10588. Is s prime?
True
Suppose -2*c - 11672 = -3*c. Suppose -k - 7311 = -2*y, -5*y + 4*k + 6604 + c = 0. Suppose 5*b + 1351 = -2*f + y, -2310 = -2*f - 4*b. Is f prime?
False
Suppose -210 = -5*v + 5*f, 2 = 2*f - 0. Suppose v*d = 366856 + 30249. Is d prime?
False
Suppose q + 2*u - 20 = -3*q, -2*u = 3*q - 16. Let o be 5/(-2)*((-6)/(-1) - q). Let t(j) = -j**3 + 3*j**2 - 10*j + 1. Is t(o) prime?
True
Let h(l) = 61*l**3 - 14*l**2 + 15*l + 15. Is h(4) prime?
False
Suppose -4*m + f - 10 = m, 2*m + 3*f + 21 = 0. Let y(v) = -5*v - 14. Let l be y(m). Is ((-2566)/(-4))/(9/6 - l) a composite number?
False
Is 1 - (-34)/17 - -2*3298 prime?
True
Suppose 42 = -o - 63. Let f be (-20335)/(-105) + (-10)/6. Let g = f + o. Is g composite?
True
Suppose -2251 = -8*q + 3853. Let n(i) = -i**2 + 23*i + 52. Let j be n(25). Suppose s - j*s = -q. Is s a composite number?
True
Let a be (3296 - -142)*(2/6 - -1). Let k = a + -2423. Is k prime?
True
Let b be 2 + (-33)/21 + 165/105. Suppose 7*k - 9414 = 4*k + 3*t, 0 = 2*t + b. Is k a composite number?
False
Let r(i) = -35251*i - 66. Is r(-7) a prime number?
False
Suppose 4*j = 2*j + 4, 11*r - 4*j - 1577205 = 0. Is r composite?
True
Let c(u) = 525*u**2 - 179*u - 27. Is c(8) composite?
False
Is (-1 - 127 - 1)*75388/(-564) prime?
False
Let i(o) = 14*o**2 - 16*o - 12. Let y be i(-16). Suppose 2*f + 5*v = -2*f + 3830, -4*f - 4*v = -y. Is f a composite number?
True
Let b = -119 + 128. Suppose -5*n = c - 9514, 2*n = 5*c - b*c + 3802. Is n a prime number?
False
Let c(r) = 25*r**3 - 12*r**2 - 26*r - 5. Is c(8) a prime number?
False
Suppose 25 = 5*h, 3*w + 5*h - 36 = -5. Suppose 0 = 77*p - 71*p - 24. Is (-317)/((8/p)/(w*-1)) composite?
False
Let f(i) = 220*i**3 - 2*i**2 - i + 1. Let n be f(2). Let c be 196/(3/(-36)*-12). Let s = n - c. Is s a composite number?
True
Let n be (8/2 + -3)/(4/16). Suppose -n*y + 254 = 2*o - 2274, -2*y = -4*o - 1264. Suppose 1229 = k - y. Is k composite?
False
Let z(k)